7?
41, 1138967
What are the prime factors of 759470885?
5, 47, 3231791
What are the prime factors of 256714397?
256714397
What are the prime factors of 903258211?
229, 3944359
What are the prime factors of 1895596643?
419, 4524097
List the prime factors of 128904685.
5, 7, 13, 491, 577
List the prime factors of 597660379.
2411, 247889
List the prime factors of 243931393.
243931393
What are the prime factors of 13341595?
5, 29, 101, 911
List the prime factors of 564176960.
2, 5, 17, 137, 757
List the prime factors of 198556452.
2, 3, 5515457
List the prime factors of 244970999.
7, 13, 23, 117043
What are the prime factors of 48364488?
2, 3, 671729
What are the prime factors of 3027020276?
2, 7, 2206283
List the prime factors of 1316489409.
3, 48758867
List the prime factors of 5314741725.
3, 5, 70863223
What are the prime factors of 122161747?
307, 397921
List the prime factors of 28412624.
2, 1013, 1753
What are the prime factors of 302083185?
3, 5, 19, 1059941
What are the prime factors of 221576377?
11, 43, 47, 9967
List the prime factors of 1074628964.
2, 2657, 101113
What are the prime factors of 59525092?
2, 11, 17, 79579
What are the prime factors of 23645333?
23645333
What are the prime factors of 19298084?
2, 13, 71, 5227
What are the prime factors of 568599527?
17, 33447031
List the prime factors of 254134494.
2, 3, 14118583
What are the prime factors of 1974742385?
5, 7, 11, 29, 2297
What are the prime factors of 153281436?
2, 3, 7, 11, 19, 8731
What are the prime factors of 36471775?
5, 1458871
List the prime factors of 518804872.
2, 167, 257, 1511
List the prime factors of 1383124985.
5, 11, 29, 31, 2543
What are the prime factors of 19701875?
5, 29, 1087
List the prime factors of 2540183479.
47, 3793, 14249
List the prime factors of 428374428.
2, 3, 29, 43, 28627
List the prime factors of 636182157.
3, 13, 16312363
List the prime factors of 762149669.
59, 12917791
List the prime factors of 59646112.
2, 1863941
What are the prime factors of 17736245?
5, 3547249
List the prime factors of 71133853.
7, 19, 534841
List the prime factors of 740795518.
2, 149, 557, 4463
List the prime factors of 412778025.
3, 5, 11, 29, 71
List the prime factors of 59607758.
2, 7, 4257697
List the prime factors of 2519163969.
3, 7, 367, 326867
List the prime factors of 110511518.
2, 13, 29, 97, 1511
What are the prime factors of 14823091?
14823091
List the prime factors of 37366326.
2, 3, 29, 107, 223
What are the prime factors of 2102439734?
2, 317, 3316151
List the prime factors of 1131914672.
2, 7, 17, 113, 5261
What are the prime factors of 1152173205?
3, 5, 19, 67, 20113
What are the prime factors of 18171864?
2, 3, 29, 967
List the prime factors of 231309379.
7, 33044197
What are the prime factors of 44520161?
7, 17, 59, 373
What are the prime factors of 15697359?
3, 1744151
List the prime factors of 4432723026.
2, 3, 43, 107, 211, 761
List the prime factors of 32933231.
32933231
What are the prime factors of 78662364?
2, 3, 11, 595927
List the prime factors of 27884973.
3, 607, 15313
What are the prime factors of 15232210?
2, 5, 7, 23, 9461
What are the prime factors of 42458134?
2, 353, 60139
List the prime factors of 45990937.
45990937
What are the prime factors of 1452215223?
3, 29, 618227
What are the prime factors of 69049168?
2, 4315573
List the prime factors of 338256.
2, 3, 29
List the prime factors of 554213387.
7, 13, 6090257
What are the prime factors of 234049497?
3, 11, 61, 116269
List the prime factors of 46265353.
29, 1595357
List the prime factors of 1034927213.
1034927213
What are the prime factors of 186879548?
2, 43, 1086509
List the prime factors of 352252624.
2, 22015789
List the prime factors of 50872345.
5, 239, 42571
What are the prime factors of 14828702?
2, 7, 19, 107, 521
What are the prime factors of 967063780?
2, 5, 491, 98479
What are the prime factors of 1374375888?
2, 3, 29, 397, 829
What are the prime factors of 1161394427?
1161394427
List the prime factors of 823280725.
5, 79, 416851
List the prime factors of 75448290.
2, 3, 5, 2514943
List the prime factors of 4002802231.
4002802231
What are the prime factors of 745160691?
3, 11, 41, 71, 7757
List the prime factors of 20780310.
2, 3, 5, 37, 97, 193
What are the prime factors of 122338254?
2, 3, 71, 287179
What are the prime factors of 1878137896?
2, 3307, 70991
List the prime factors of 4740939243.
3, 17, 43, 720617
List the prime factors of 7264799424.
2, 3, 109, 251, 461
What are the prime factors of 319625342?
2, 23, 6948377
List the prime factors of 1343175948.
2, 3, 29, 137, 9391
List the prime factors of 529798119.
3, 176599373
List the prime factors of 4810814686.
2, 1091, 2204773
List the prime factors of 45379573.
389, 116657
List the prime factors of 3933915878.
2, 89, 22100651
List the prime factors of 44456735.
5, 8891347
What are the prime factors of 122679335?
5, 1151, 21317
What are the prime factors of 121573713?
3, 29, 163, 8573
What are the prime factors of 2061853274?
2, 13, 79302049
List the prime factors of 80248878.
2, 3, 929, 4799
What are the prime factors of 4594124572?
2, 137, 8383439
What are the prime factors of 1637633068?
2, 359, 1140413
What are the prime factors of 95977429?
6857, 13997
What are the prime factors of 625310054?
2, 163, 1918129
List the prime factors of 4439870788.
2, 1109967697
What are the prime factors of 608562774?
2, 3, 101, 111581
What are the prime factors of 2335865347?
2335865347
List the prime factors of 198364537.
7, 139, 203869
List the prime factors of 515099251.
515099251
What are the prime factors of 1319595803?
1319595803
List the prime factors of 3188994155.
5, 89, 7166279
List the prime factors of 1624369710.
2, 3, 5, 23, 59, 39901
List the prime factors of 194674045.
5, 229, 170021
What are the prime factors of 42894755?
5, 53, 157, 1031
List the prime factors of 1930470724.
2, 7, 13, 29, 43, 4253
What are the prime factors of 111003022?
2, 13, 4269347
What are the prime factors of 115463750?
2, 5, 71, 1301
List the prime factors of 13639664.
2, 733, 1163
List the prime factors of 1441967903.
67, 21521909
List the prime factors of 527417902.
2, 11, 367, 65323
List the prime factors of 349728455.
5, 23, 3041117
List the prime factors of 5068149.
3, 37, 45659
List the prime factors of 686684154.
2, 3, 13, 41, 214723
List the prime factors of 134146305.
3, 5, 2981029
What are the prime factors of 3541980?
2, 3, 5, 13, 19, 239
List the prime factors of 164567259.
3, 17, 293, 3671
What are the prime factors of 1303401425?
5, 19, 2744003
What are the prime factors of 22039724?
2, 7, 547, 1439
What are the prime factors of 32457017?
32457017
What are the prime factors of 4484193914?
2, 19, 2539, 46477
List the prime factors of 2273213588.
2, 568303397
What are the prime factors of 506057?
199, 2543
List the prime factors of 96056629.
96056629
What are the prime factors of 96655174?
2, 7, 11, 37, 16963
What are the prime factors of 4616256449?
7, 17, 38792071
What are the prime factors of 1183318987?
29, 1877, 21739
List the prime factors of 1506978952.
2, 23, 127, 64489
List the prime factors of 433715585.
5, 401, 216317
List the prime factors of 3463065500.
2, 5, 6926131
What are the prime factors of 646808898?
2, 3, 23, 4687021
List the prime factors of 46251213.
3, 467, 33013
List the prime factors of 528013230.
2, 3, 5, 19, 457, 2027
List the prime factors of 37859007.
3, 29, 435161
List the prime factors of 853994992.
2, 4271, 12497
List the prime factors of 17155208.
2, 7, 113, 2711
What are the prime factors of 600524142?
2, 3, 1291, 77527
What are the prime factors of 369036985?
5, 97, 760901
What are the prime factors of 4948946652?
2, 3, 13, 283, 8623
List the prime factors of 1151354257.
17, 661, 102461
List the prime factors of 40964345.
5, 163, 50263
List the prime factors of 424140787.
7, 60591541
List the prime factors of 66578508.
2, 3, 19, 47, 109
List the prime factors of 9220149.
3, 19, 1997
List the prime factors of 60542313.
3, 13, 1552367
What are the prime factors of 4253408273?
4253408273
What are the prime factors of 56728045?
5, 11, 383, 2693
List the prime factors of 2787095264.
2, 127, 677, 1013
List the prime factors of 2490639622.
2, 1543, 807077
What are the prime facto